 - 2 - 5*z + 1. Let y(k) = -2*k + 10. Let m be y(9). Let q be (-2)/m + (-15)/12. Determine r(q).
4
Let j(w) = w**2 - 2*w + 2. Let g(t) = -t + 1. Let p be (-6)/(-1 + -2) - 7. Let l(f) = p*g(f) + j(f). Determine l(-5).
7
Let y(b) be the first derivative of -b**2 - 4*b + 3. Let c be 2/4 + (-14)/(-4). Suppose 6 = -c*l - 6. What is y(l)?
2
Suppose -6*g - 32 - 10 = 0. Let n(j) = -j**2 - 6*j - 4. Give n(g).
-11
Let r(p) = p. Let b(c) = c**3 - 8*c**2 + 10*c + 10. Let t(a) = -b(a) + 4*r(a). Calculate t(7).
-3
Let d(s) = 2*s**2 - 7*s + 6. Suppose -m + 2*l - 11 = 0, -5*m + 4*l = l + 48. Let n = -13 - m. Let x be 6/n*(-8)/3. Determine d(x).
10
Let j(a) be the first derivative of -8/3*a**3 - 1/2*a**2 - a - 6. Determine j(-1).
-8
Let a be -2 - 3/((-3)/7). Let z(u) = 3*u - a*u**2 + 8*u**2 - u**2. Determine z(-3).
9
Let b(s) = s - 5. Let v(u) = 2*u - 6. Let n(g) = 4*b(g) - 3*v(g). What is n(3)?
-8
Let y(f) be the first derivative of -5/2*f**2 - 2/3*f**3 + 1 - 3*f. Give y(-3).
-6
Let s(o) = 7*o**3 + 12*o**2 - o + 19. Let c(g) = 3*g**3 + 6*g**2 + 9. Let w(y) = 5*c(y) - 2*s(y). Let t = -28 - -22. Give w(t).
-5
Let y(b) be the third derivative of b**4/24 - 5*b**3/6 - 5*b**2. What is y(-4)?
-9
Let q(m) = m**2 - m - 1. Let z = 10 + -12. Let p be q(z). Let f(i) be the first derivative of i**2 - 7*i + 1. Give f(p).
3
Let l(o) = o + 6. Let y be l(-8). Let a(w) = -4*w**2 + 2*w + 1. Calculate a(y).
-19
Let y(u) be the second derivative of -u**4/12 - u**3/6 - u**2/2 - 9*u. Determine y(0).
-1
Let m(t) = t**3 - 4*t**2 - 5*t + 5. Let x be m(5). Suppose -9 = 2*d - x*d. Let b(r) = 2*r - 4 - r - r**2 + 4*r. Determine b(d).
2
Let u be -1 + 4 - (4 - 2). Let w(a) = a - u + 0*a**2 + 4*a**2 + 0. What is w(1)?
4
Let n(i) = i**2 - 14. Suppose f + 5*a + 5 = 10, -3*f - 3*a = -3. What is n(f)?
-14
Let u(m) = 2 - 2*m + 4*m**3 + 2*m**3 + 3*m - m**2. Let y be (-2)/(-2)*(-9 - 0). Let p(j) = 24*j**3 - 5*j**2 + 5*j + 9. Let f(q) = y*u(q) + 2*p(q). Give f(1).
-6
Suppose 4*n + 5*p = -36, -38 + 2 = 4*n - p. Let d(q) = q + 3. Calculate d(n).
-6
Let j = 13 - 19. Let r(i) be the second derivative of i**4/12 + 5*i**3/6 - 3*i**2 - 9*i. Let u be r(j). Let f(o) = o**2 - o + 3. What is f(u)?
3
Suppose 0 = -3*p + 2*d + 2*d - 24, -p - d = 1. Let y(m) = 6*m + 12. Let f(a) = 0 + 2*a + 2 + 2. Let x(o) = -11*f(o) + 4*y(o). What is x(p)?
-4
Let d(t) = -4*t**2 - t. Let h(s) = -s**3 + 14*s**2 - 1. Let x be h(14). Determine d(x).
-3
Suppose 2*u = 1 + 1. Suppose -4*p - 3*o - 3 - u = 0, 0 = -4*p - 4*o - 8. Let z(m) = -3 + 1 - p*m**2 + 3. Determine z(-1).
-1
Let y(o) = -11*o**2 + 5*o. Let k(i) = -4*i**2 + 2*i. Let p(g) = 8*k(g) - 3*y(g). Let f be p(1). Let q(b) = 4*b**f - 4*b**2 - 1 + 6*b**2. What is q(1)?
5
Suppose 0 = -o - 4*o. Suppose j - 4*j + 15 = o. Let p(l) = -l**2 + 6*l + 2. What is p(j)?
7
Suppose -2*f = 63 - 51. Let l(h) = 5*h + 3. What is l(f)?
-27
Let b(d) be the first derivative of d**2/2 + 2*d - 9. Give b(4).
6
Let h be 2 + -1 - -2*2. Let y = -3 + 3. Suppose -5*n + y*n = -3*z - 11, -h*z - 5*n = 5. Let j(l) = l**2 + l + 1. Determine j(z).
3
Let a(l) = -11*l + l**2 + 19*l + 5 - l. Determine a(-8).
13
Suppose 5*x + 1 = 2*s - 13, x - 4 = -3*s. Let c(d) = -3 + 8 - 3 - d**3 + 2*d. What is c(x)?
6
Let t be ((-2)/3)/((-1)/(-6)). Let s = -2 - t. Let f(z) = z - 6*z**3 - z**2 - z**2 + 0*z**s. Calculate f(1).
-7
Let y be 1 - (0 - -1) - 5. Let k(n) = n**3 + 4*n**2 - 5*n - 7. Give k(y).
-7
Let a(d) = -d**3 + 6*d**2 + 8*d - 8. Let g be a(7). Let t be 4*(g - 0/2). Let m(f) be the first derivative of -f**2 - 5*f - 1. What is m(t)?
3
Let l(b) = 18*b**2 - 1. Suppose -4*c = 19 - 23. Give l(c).
17
Let v(y) = 12*y**2 - 2*y**2 - 5*y**2 - y**3 - 2 + 6. Determine v(5).
4
Let l(a) = a - 8. Let x be 3/(-7) + 132/14. What is l(x)?
1
Let l(c) = 4*c**2 + c. Let z(q) = q**2 - 6*q + 5. Let a be z(7). Suppose 3 = -9*w + a*w. What is l(w)?
5
Let j(t) = -t - 2*t**2 + 4*t**2 - 3*t**3 - t. What is j(2)?
-20
Let x be 16/7 - (-4)/(-14). Let u(b) = -b + 6. Let y(v) = -6 + v + 2*v - 5. Let l(c) = 5*u(c) + 3*y(c). Determine l(x).
5
Let k(c) = 3*c - c - 3*c - 1. Let i(f) = -3*f**2 + f. Let n be i(1). Give k(n).
1
Suppose 2*y = 2*p - 3 + 1, 2*y = -4*p - 20. Let x(d) = -5*d**3 - 2*d**2 + d + 2. Let i(f) = -11*f**3 - 4*f**2 + f + 5. Let n(r) = 4*i(r) - 9*x(r). Give n(y).
-10
Let a(v) = 7*v - 1. Let l(g) be the first derivative of -g**4/4 + g**3/3 - g + 1. Let h be l(0). What is a(h)?
-8
Let t(f) be the second derivative of f**7/420 + f**6/120 - f**3/6 - 4*f. Let c(i) be the second derivative of t(i). Determine c(-2).
-4
Let u(g) = g**2 + 2*g - 5. Let c(q) = 0 + 0*q + 4 + 9*q + q**2 + 0*q**2. Let h be c(-8). What is u(h)?
3
Suppose 0 = 4*n + 5*d + 32, 2*n + 3*d + 18 + 0 = 0. Let b(v) = -5*v - 2. Calculate b(n).
13
Let b(l) = -1 - 3 + 0*l + l. What is b(10)?
6
Let s(v) = -v**2 - 7*v - 2. Let m be 10/(-5) - (-1 - -2). Determine s(m).
10
Let k(r) = 5*r**3 - 2*r - 1 + 1 - 4*r**3 - 2. Let o(p) = -p**3 - 5*p**2 - p - 7. Let g be o(-5). What is k(g)?
-6
Suppose 1 = -0*w - w + 2*p, 3*p = -4*w - 4. Let m(u) = -15*u**3 - u. What is m(w)?
16
Suppose -g - 3 = -1. Let c(u) = 2*u**2 + 3*u + 1. What is c(g)?
3
Let o(r) = -2*r + 4. Let b be o(6). Let n(z) = -z - 5. Let t be n(b). Let w(l) = l**2 - 3*l + 4. Determine w(t).
4
Suppose 0 = -2*d + 5*d - 6. Let a(l) be the first derivative of l**4/4 - l**3 + 3*l**2/2 + 25. Calculate a(d).
2
Let l be 20/(-12)*(2 - -1). Let n(t) = -3*t**3 + 2*t**3 - 3*t - 6*t**2 - t. Calculate n(l).
-5
Suppose -9*g + 12*g + 15 = -4*f, 0 = 2*f - 5*g + 27. Let v(b) = -b**2 - 10*b - 3. Determine v(f).
21
Let m = -6 + 12. Let n(w) = 6*w**2 - w**3 + 0*w**3 + 10 - 8. Calculate n(m).
2
Let j(h) be the first derivative of -h**4/4 + h**2/2 - h + 1. Let n(c) = -10*c**3 + 6*c - 4. Let k(y) = 5*j(y) - n(y). Determine k(-1).
-5
Suppose 3*p = 2*c - 19, 0 = -2*p - 3*c - c + 14. Let r(j) = 23*j**2 - 5*j - 17. Let i(s) = -4*s**2 + s + 3. Let a(k) = 34*i(k) + 6*r(k). What is a(p)?
6
Suppose -o + 1 = 2. Let l(w) = -w**3 + w**2 - w + 1. Let i(u) = 6*u**3 + u - 2. Let f(s) = -i(s) - l(s). What is f(o)?
5
Let b = -11 - -16. Let o(q) = -4*q**2 + q**2 + 4*q + 2*q**2 + b. Determine o(4).
5
Let g(m) be the third derivative of m**6/120 - m**3 - 15*m**2. Determine g(0).
-6
Let i(u) be the first derivative of -u**3/3 + u**2 - 2*u + 2. Suppose 4*p + 18 = p. Let b = -3 - p. What is i(b)?
-5
Let j(u) = -u**2 + 6*u - 1. Let g be j(6). Suppose 4*x - 9 = x. Let b(k) = -2*k - 1 + 6*k**2 - k**2 - x*k**2. Calculate b(g).
3
Let i be 2*2/(-4)*-1. Let z(a) be the third derivative of -a**4/2 + 21*a**2. Determine z(i).
-12
Let n(u) = 2*u - 2. Let d(o) = 2*o - 2. Let f(k) = 3*d(k) - 4*n(k). Let l = -2 - 1. Give f(l).
8
Let f = -5 + 14. Let k = -13 + f. Let x(g) = -g**2 + 4*g + 3 + 2*g**2 + 2*g. Give x(k).
-5
Let k(t) = -3*t + 9. Let i(q) = -7*q + 19. Let v(b) = 6*i(b) - 13*k(b). Determine v(-4).
9
Let f be 3 + 10 - 6/(-2). Let d = f + -11. Let y(c) = -c + 5. Calculate y(d).
0
Suppose k = -5*d + 15, d = -2*k + k + 3. Suppose 4*j - 28 = -0. Let h = j - d. Let b(g) = -g**2 + 4*g. What is b(h)?
0
Let o(c) = -6*c - 8 + 11 - 3. Determine o(-1).
6
Let u(w) = w**2 - w - 1. Let n be u(-1). Suppose 0 = 4*q + 5*x - 14, 0 = -0*x + x - 2. Let d(f) = 5*f**2 - q + 0*f - 16*f**2 + 2*f. Give d(n).
-10
Let g(j) = 93*j + 2*j**2 - 1 - 6*j**2 - 94*j. Determine g(-1).
-4
Let l(b) = 7*b**2 - 19*b + 19. Let i(h) = -11*h**2 + 29*h - 29. Let p(v) = 5*i(v) + 8*l(v). Give p(5).
-3
Let q(p) = -p**3 + 10*p**2 - p - 6. Suppose 4*h - 5*l + 17 = h, -l = 2*h - 6. Let u(t) = -t**2 + 1. Let j(x) = h*q(x) + 5*u(x). Let n = -2 + 7. What is j(n)?
-6
Let c(i) be the first derivative of 1/2*i**2 + 2 + i. Calculate c(0).
1
Let q(v) = 6*v**3 + v. Let g be -2*2*(0 - 1). Let y be ((-1)/(-3))/(g/(-12)). Give q(y).
-7
Suppose -x - 4*v + 1 = -2*x, -2*v - 10 = -4*x. Let r(p) = -p**2 + 3*p - 2. Determine r(x).
-2
Let v(g) = 7*g**2 - 9*g - 1. Let d(n) = 6*n**2 - 8*n - 2. Let i(t) = -6*d(t) + 5*v(t). What is i(6)?
-11
Let w(v) = v + 9. Let n = -13 + 7. Give w(n).
3
Let v be (40/(-8))/((-5)/2). Let f(y) = y + y**2 + v + 0 + 8. Calculate f(0).
10
Let z(j) = -4*j + 12. Let p(n) = -n + 3. Let t(v) = -18*p(v) + 4*z(v). What is t(5)?
4
Let q be (-4)/8*92/(-2). Let h(r) = 1 - q*r - 2 + 21*r. Give h(-2).
3
Let u = 10 - 11. Let r(m) = m